number?
True
Is 37482187 a composite number?
False
Is 5137501 composite?
True
Is 46252789 composite?
True
Is 39977339 a prime number?
False
Is 27586651 composite?
True
Is 2418509 a prime number?
True
Is 440863031 prime?
False
Is 2594351 a prime number?
True
Is 134989 a prime number?
True
Is 5581987 prime?
False
Is 43778191 a composite number?
True
Is 182171317 composite?
True
Is 6129701 prime?
False
Is 55791737 composite?
True
Is 4953199 a composite number?
False
Is 42839089 a composite number?
True
Is 3462099 prime?
False
Is 4334215 a composite number?
True
Is 115227087 prime?
False
Is 54428779 prime?
True
Is 191517581 a prime number?
True
Is 712409 composite?
False
Is 130129 composite?
True
Is 664789809 composite?
True
Is 37440597 a composite number?
True
Is 10525657 a composite number?
False
Is 1621383 a prime number?
False
Is 174202261 prime?
True
Is 96234163 prime?
True
Is 269582951 a composite number?
True
Is 12192041 prime?
False
Is 42450095 composite?
True
Is 39499 a prime number?
True
Is 14282731 a prime number?
True
Is 111890847 a prime number?
False
Is 636767 composite?
True
Is 1857151 composite?
False
Is 122443 a prime number?
True
Is 82363 a prime number?
False
Is 8281367 a composite number?
False
Is 526149839 composite?
False
Is 148275509 a composite number?
False
Is 388714169 a composite number?
False
Is 281347 a composite number?
True
Is 8939789 a prime number?
True
Is 40610681 prime?
True
Is 71503633 a composite number?
False
Is 3561277 prime?
False
Is 210347 a composite number?
False
Is 140895373 composite?
False
Is 24425377 prime?
True
Is 1138213 a composite number?
False
Is 10462007 a composite number?
True
Is 80103073 a composite number?
False
Is 365963 composite?
True
Is 509799347 a prime number?
False
Is 313759211 a prime number?
True
Is 206306603 a prime number?
True
Is 11476313 a prime number?
False
Is 98725603 a prime number?
False
Is 447969 composite?
True
Is 19801349 prime?
False
Is 152699 prime?
False
Is 3392198 composite?
True
Is 7415857 composite?
False
Is 186419 composite?
False
Is 7484935 composite?
True
Is 133271 a prime number?
True
Is 131925307 a composite number?
False
Is 54907 a composite number?
False
Is 3287731 composite?
True
Is 527759477 a prime number?
False
Is 114607877 composite?
True
Is 383963 a composite number?
False
Is 727403 a prime number?
False
Is 21531 a prime number?
False
Is 1891453 a prime number?
False
Is 2882827 a prime number?
False
Is 148935727 a prime number?
True
Is 36241187 composite?
False
Is 17403481 prime?
False
Is 67405267 a prime number?
True
Is 7388167 composite?
False
Is 57268481 prime?
True
Is 40748423 prime?
True
Is 1400131 composite?
False
Is 1038296011 a composite number?
True
Is 62375471 a prime number?
False
Is 9209621 prime?
True
Is 79804429 a composite number?
False
Is 62182919 prime?
True
Is 28550737 a prime number?
True
Is 85038491 composite?
False
Is 73578007 prime?
True
Is 463343401 a prime number?
True
Is 3464074 a composite number?
True
Is 432529 composite?
True
Is 1704197 composite?
True
Is 2652911 prime?
True
Is 3125497 a prime number?
True
Is 45641 composite?
False
Is 7999441 a prime number?
False
Is 90868079 a composite number?
False
Is 13606819 a composite number?
False
Is 62607781 a composite number?
True
Is 1641881 a composite number?
False
Is 827063 prime?
True
Is 1974066491 a prime number?
True
Is 4564193 a composite number?
False
Is 1271549 prime?
False
Is 385999 a prime number?
False
Is 2442767 prime?
True
Is 162943 a composite number?
True
Is 10250441 prime?
False
Is 66373 a composite number?
False
Is 14076791 composite?
True
Is 3977357 a composite number?
True
Is 31407031 a composite number?
True
Is 63083957 a composite number?
True
Is 2072953 a composite number?
False
Is 44656031 composite?
True
Is 196665853 composite?
True
Is 1362764995 a composite number?
True
Is 5572097 composite?
False
Is 3027041 composite?
False
Is 6243973 a prime number?
False
Is 33628073 prime?
True
Is 417173881 composite?
True
Is 34635593 composite?
False
Is 5694943 a composite number?
True
Is 6065329 prime?
True
Is 17467757 prime?
True
Is 947999 a prime number?
False
Is 408093859 a prime number?
True
Is 11835883 a composite number?
True
Is 1528809155 composite?
True
Is 163397 prime?
False
Is 932967937 composite?
True
Is 6620935 prime?
False
Is 33090133 a composite number?
False
Is 13188827 prime?
True
Is 555931 composite?
False
Is 196092829 prime?
True
Is 8321 a prime number?
False
Is 6462745 a prime number?
False
Is 14483699 a prime number?
True
Is 9603907 composite?
True
Is 1166753 a composite number?
True
Is 4991839 prime?
True
Is 80446009 a prime number?
False
Is 35560711 a prime number?
True
Is 925817 a prime number?
False
Is 11194151 composite?
False
Is 7858073 composite?
False
Is 51844171 a composite number?
False
Is 114845527 prime?
True
Is 109018969 a composite number?
False
Is 1696309 prime?
False
Is 497730217 a prime number?
True
Is 5582611 composite?
True
Is 35910751 composite?
True
Is 566387 a composite number?
False
Is 6716469 a prime number?
False
Is 32935381 composite?
False
Is 105217297 prime?
True
Is 6044173 prime?
False
Is 236721017 a prime number?
False
Is 4214127 a prime number?
False
Is 14483695 composite?
True
Is 2023211 a composite number?
False
Is 7410511 a prime number?
False
Is 11927977 a prime number?
True
Is 22029389 prime?
True
Is 71432189 composite?
False
Is 52602439 composite?
True
Is 31051015 composite?
True
Is 1380100195 a prime number?
False
Is 4791461 a prime number?
True
Is 4426441 prime?
True
Is 6694747 a composite number?
False
Is 714611 a prime number?
False
Is 564491441 a prime number?
False
Is 2883973 a composite number?
False
Is 86026553 a prime number?
True
Is 40946959 a composite number?
True
Is 10929749 composite?
False
Is 7130407 a prime number?
True
Is 466959 a prime number?
False
Is 3092093 a composite number?
False
Is 8354651 a composite number?
False
Is 4098883 prime?
False
Is 516535 prime?
False
Is 121659085 prime?
False
Is 17863327 prime?
True
Is 2707959 composite?
True
Is 15412669 composite?
False
Is 57494917 composite?
True
Is 3375109 prime?
True
Is 2474411 prime?
False
Is 40742111 prime?
False
Is 84191 prime?
True
Is 6311231 a prime number?
False
Is 141058039 prime?
False
Is 141171081 composite?
True
Is 2717761 a composite number?
True
Is 3119647 a prime number?
True
Is 173139229 a prime number?
False
Is 3537517 composite?
False
Is 3824827 a composite number?
False
Is 118617401 prime?
False
Is 29056711 composite?
True
Is 13812767 composite?
False
Is 242040607 a prime number?
True
Is 99872081 a composite number?
False
Is 3882005 prime?
False
Is 1523751 a prime number?
False
Is 1698047 composite?
True
Is 22203123 a prime number?
False
Is 15081437 a composite number?
True
Is 216963037 a prime number?
True
Is 9238897 prime?
True
Is 75796417 a prime number?
True
Is 1248757 a prime number?
True
Is 4654199 a composite number?
True
Is 1056244837 a prime number?
False
Is 197738129 a prime number?
True
Is 2432251 a composite number?
False
Is 216076631 composite?
False
Is 212610371 a prime number?
True
Is 2643629 a prime number?
True
Is 14580583 prime?
False
Is 40075303 a composite number?
True
Is 1017852583 a prime number?
False
Is 182002801 composite?
True
Is 46309583 composite?
False
Is 1609957 prime?
False
Is 848663 prime?
False
Is 5294083 a prime number?
True
Is 4089743 composite?
True
Is 195543293 a composite number?
True
Is 360637 prime?
True
Is 1809329 prime?
False
Is 525183019 composite?
False
Is 896043733 a composite number?
True
Is 8296571 prime?
True
Is 220319333 a prime number?
False
Is 1680755 composite?
True
Is 14284483 a composite number?
False
Is 29563351 a composite number?
True
Is 573491951 a prime number?
True
Is 2886049 a composite number?
False
Is 4254301 composite?
True
Is 787448971 a prime number?
False
Is 92520143 a prime number?
True
Is 3957409 a prime number?
False
Is 5049431 prime?
True
Is 2484893 prime?
True
Is 203526821 a prime number?
True
Is 33463697 a composite number?
False
Is 211357747 a prime number?
False
Is 246476683 a composite number?
True
Is 34489111 prime?
True
Is 4291751 prime?
True
Is 6417878 a composite number?
True
Is 5995793 a composite number?
True
Is 10433609 prime?
False
Is